{"id":17,"date":"2019-03-12T12:30:12","date_gmt":"2019-03-12T12:30:12","guid":{"rendered":"https:\/\/beratungsschmiede.de\/?page_id=17"},"modified":"2021-02-07T08:47:28","modified_gmt":"2021-02-07T08:47:28","slug":"beratungsangebot","status":"publish","type":"page","link":"https:\/\/beratungsschmiede.de\/?page_id=17","title":{"rendered":"Beratungsangebot"},"content":{"rendered":"\n<p><strong>Einzelsupervision und Coaching <\/strong><\/p>\n\n\n\n<p>zu\nden beruflichen und privaten Themen<\/p>\n\n\n\n<ul class=\"wp-block-list\"><li>Beratung zur Lebens- und Alltagsbew\u00e4ltigung<\/li><li>Coaching zu Berufs- und Lebensplanung<\/li><li>F\u00fchrungscoaching<\/li><li>Konflikt- und Stressmanagement<\/li><li>Kl\u00e4rungs- und Entscheidungshilfe<\/li><li>Pr\u00fcfungssituationen und Leistungsanforderungen<\/li><\/ul>\n\n\n\n<hr class=\"wp-block-separator\"\/>\n\n\n\n<p><strong>Team- und Gruppensupervision<\/strong><\/p>\n\n\n\n<p>zu\nden beruflichen Themen<\/p>\n\n\n\n<ul class=\"wp-block-list\"><li>Begleitung und\nUnterst\u00fctzung bei Ver\u00e4nderungsprozessen<\/li><li>Fallsupervision<\/li><li>Teamsupervision<\/li><li>Teamentwicklung und\nFormen der Zusammenarbeit<\/li><li>Kl\u00e4rungshilfe \/\nKonfliktmanagement<\/li><\/ul>\n","protected":false},"excerpt":{"rendered":"<p>Einzelsupervision und Coaching zu den beruflichen und privaten Themen Beratung zur Lebens- und Alltagsbew\u00e4ltigung Coaching zu Berufs- und Lebensplanung F\u00fchrungscoaching Konflikt- und Stressmanagement Kl\u00e4rungs- und Entscheidungshilfe Pr\u00fcfungssituationen und Leistungsanforderungen Team- und Gruppensupervision zu den beruflichen Themen Begleitung und Unterst\u00fctzung bei Ver\u00e4nderungsprozessen Fallsupervision Teamsupervision Teamentwicklung und Formen der Zusammenarbeit Kl\u00e4rungshilfe \/ Konfliktmanagement<\/p>\n","protected":false},"author":1,"featured_media":125,"parent":0,"menu_order":0,"comment_status":"closed","ping_status":"closed","template":"","meta":{"footnotes":""},"class_list":["post-17","page","type-page","status-publish","has-post-thumbnail","hentry"],"yoast_head":"<!-- This site is optimized with the Yoast SEO plugin v23.5 - https:\/\/yoast.com\/wordpress\/plugins\/seo\/ -->\n<title>Beratungsangebot - BeratungsSchmiede<\/title>\n<meta name=\"description\" content=\"Zum Beratungsangebot geh\u00f6ren Einzelsupervision und Coaching sowie Team- und Gruppensupervision. Ich begleite und berate Sie bei Ihrem Entwicklungsprozess.\" \/>\n<meta name=\"robots\" content=\"index, follow, max-snippet:-1, max-image-preview:large, max-video-preview:-1\" \/>\n<link rel=\"canonical\" href=\"https:\/\/beratungsschmiede.de\/?page_id=17\" \/>\n<meta property=\"og:locale\" content=\"de_DE\" \/>\n<meta property=\"og:type\" content=\"article\" \/>\n<meta property=\"og:title\" content=\"Beratungsangebot - BeratungsSchmiede\" \/>\n<meta property=\"og:description\" content=\"Zum Beratungsangebot geh\u00f6ren Einzelsupervision und Coaching sowie Team- und Gruppensupervision. Ich begleite und berate Sie bei Ihrem Entwicklungsprozess.\" \/>\n<meta property=\"og:url\" content=\"https:\/\/beratungsschmiede.de\/?page_id=17\" \/>\n<meta property=\"og:site_name\" content=\"BeratungsSchmiede\" \/>\n<meta property=\"article:modified_time\" content=\"2021-02-07T08:47:28+00:00\" \/>\n<meta property=\"og:image\" content=\"https:\/\/beratungsschmiede.de\/wp-content\/uploads\/2021\/01\/im-Gespraech-scaled.jpeg\" \/>\n\t<meta property=\"og:image:width\" content=\"2560\" \/>\n\t<meta property=\"og:image:height\" content=\"1728\" \/>\n\t<meta property=\"og:image:type\" content=\"image\/jpeg\" \/>\n<meta name=\"twitter:card\" content=\"summary_large_image\" \/>\n<meta name=\"twitter:label1\" content=\"Gesch\u00e4tzte Lesezeit\" \/>\n\t<meta name=\"twitter:data1\" content=\"1\u00a0Minute\" \/>\n<script type=\"application\/ld+json\" class=\"yoast-schema-graph\">{\"@context\":\"https:\/\/schema.org\",\"@graph\":[{\"@type\":\"WebPage\",\"@id\":\"https:\/\/beratungsschmiede.de\/?page_id=17\",\"url\":\"https:\/\/beratungsschmiede.de\/?page_id=17\",\"name\":\"Beratungsangebot - BeratungsSchmiede\",\"isPartOf\":{\"@id\":\"https:\/\/beratungsschmiede.de\/#website\"},\"primaryImageOfPage\":{\"@id\":\"https:\/\/beratungsschmiede.de\/?page_id=17#primaryimage\"},\"image\":{\"@id\":\"https:\/\/beratungsschmiede.de\/?page_id=17#primaryimage\"},\"thumbnailUrl\":\"https:\/\/beratungsschmiede.de\/wp-content\/uploads\/2021\/01\/im-Gespraech-scaled.jpeg\",\"datePublished\":\"2019-03-12T12:30:12+00:00\",\"dateModified\":\"2021-02-07T08:47:28+00:00\",\"description\":\"Zum Beratungsangebot geh\u00f6ren Einzelsupervision und Coaching sowie Team- und Gruppensupervision. Ich begleite und berate Sie bei Ihrem Entwicklungsprozess.\",\"breadcrumb\":{\"@id\":\"https:\/\/beratungsschmiede.de\/?page_id=17#breadcrumb\"},\"inLanguage\":\"de\",\"potentialAction\":[{\"@type\":\"ReadAction\",\"target\":[\"https:\/\/beratungsschmiede.de\/?page_id=17\"]}]},{\"@type\":\"ImageObject\",\"inLanguage\":\"de\",\"@id\":\"https:\/\/beratungsschmiede.de\/?page_id=17#primaryimage\",\"url\":\"https:\/\/beratungsschmiede.de\/wp-content\/uploads\/2021\/01\/im-Gespraech-scaled.jpeg\",\"contentUrl\":\"https:\/\/beratungsschmiede.de\/wp-content\/uploads\/2021\/01\/im-Gespraech-scaled.jpeg\",\"width\":2560,\"height\":1728},{\"@type\":\"BreadcrumbList\",\"@id\":\"https:\/\/beratungsschmiede.de\/?page_id=17#breadcrumb\",\"itemListElement\":[{\"@type\":\"ListItem\",\"position\":1,\"name\":\"Startseite\",\"item\":\"https:\/\/beratungsschmiede.de\/\"},{\"@type\":\"ListItem\",\"position\":2,\"name\":\"Beratungsangebot\"}]},{\"@type\":\"WebSite\",\"@id\":\"https:\/\/beratungsschmiede.de\/#website\",\"url\":\"https:\/\/beratungsschmiede.de\/\",\"name\":\"BeratungsSchmiede\",\"description\":\"Supervision &amp; Coaching\",\"potentialAction\":[{\"@type\":\"SearchAction\",\"target\":{\"@type\":\"EntryPoint\",\"urlTemplate\":\"https:\/\/beratungsschmiede.de\/?s={search_term_string}\"},\"query-input\":{\"@type\":\"PropertyValueSpecification\",\"valueRequired\":true,\"valueName\":\"search_term_string\"}}],\"inLanguage\":\"de\"}]}<\/script>\n<!-- \/ Yoast SEO plugin. -->","yoast_head_json":{"title":"Beratungsangebot - BeratungsSchmiede","description":"Zum Beratungsangebot geh\u00f6ren Einzelsupervision und Coaching sowie Team- und Gruppensupervision. Ich begleite und berate Sie bei Ihrem Entwicklungsprozess.","robots":{"index":"index","follow":"follow","max-snippet":"max-snippet:-1","max-image-preview":"max-image-preview:large","max-video-preview":"max-video-preview:-1"},"canonical":"https:\/\/beratungsschmiede.de\/?page_id=17","og_locale":"de_DE","og_type":"article","og_title":"Beratungsangebot - BeratungsSchmiede","og_description":"Zum Beratungsangebot geh\u00f6ren Einzelsupervision und Coaching sowie Team- und Gruppensupervision. Ich begleite und berate Sie bei Ihrem Entwicklungsprozess.","og_url":"https:\/\/beratungsschmiede.de\/?page_id=17","og_site_name":"BeratungsSchmiede","article_modified_time":"2021-02-07T08:47:28+00:00","og_image":[{"width":2560,"height":1728,"url":"https:\/\/beratungsschmiede.de\/wp-content\/uploads\/2021\/01\/im-Gespraech-scaled.jpeg","type":"image\/jpeg"}],"twitter_card":"summary_large_image","twitter_misc":{"Gesch\u00e4tzte Lesezeit":"1\u00a0Minute"},"schema":{"@context":"https:\/\/schema.org","@graph":[{"@type":"WebPage","@id":"https:\/\/beratungsschmiede.de\/?page_id=17","url":"https:\/\/beratungsschmiede.de\/?page_id=17","name":"Beratungsangebot - BeratungsSchmiede","isPartOf":{"@id":"https:\/\/beratungsschmiede.de\/#website"},"primaryImageOfPage":{"@id":"https:\/\/beratungsschmiede.de\/?page_id=17#primaryimage"},"image":{"@id":"https:\/\/beratungsschmiede.de\/?page_id=17#primaryimage"},"thumbnailUrl":"https:\/\/beratungsschmiede.de\/wp-content\/uploads\/2021\/01\/im-Gespraech-scaled.jpeg","datePublished":"2019-03-12T12:30:12+00:00","dateModified":"2021-02-07T08:47:28+00:00","description":"Zum Beratungsangebot geh\u00f6ren Einzelsupervision und Coaching sowie Team- und Gruppensupervision. Ich begleite und berate Sie bei Ihrem Entwicklungsprozess.","breadcrumb":{"@id":"https:\/\/beratungsschmiede.de\/?page_id=17#breadcrumb"},"inLanguage":"de","potentialAction":[{"@type":"ReadAction","target":["https:\/\/beratungsschmiede.de\/?page_id=17"]}]},{"@type":"ImageObject","inLanguage":"de","@id":"https:\/\/beratungsschmiede.de\/?page_id=17#primaryimage","url":"https:\/\/beratungsschmiede.de\/wp-content\/uploads\/2021\/01\/im-Gespraech-scaled.jpeg","contentUrl":"https:\/\/beratungsschmiede.de\/wp-content\/uploads\/2021\/01\/im-Gespraech-scaled.jpeg","width":2560,"height":1728},{"@type":"BreadcrumbList","@id":"https:\/\/beratungsschmiede.de\/?page_id=17#breadcrumb","itemListElement":[{"@type":"ListItem","position":1,"name":"Startseite","item":"https:\/\/beratungsschmiede.de\/"},{"@type":"ListItem","position":2,"name":"Beratungsangebot"}]},{"@type":"WebSite","@id":"https:\/\/beratungsschmiede.de\/#website","url":"https:\/\/beratungsschmiede.de\/","name":"BeratungsSchmiede","description":"Supervision &amp; Coaching","potentialAction":[{"@type":"SearchAction","target":{"@type":"EntryPoint","urlTemplate":"https:\/\/beratungsschmiede.de\/?s={search_term_string}"},"query-input":{"@type":"PropertyValueSpecification","valueRequired":true,"valueName":"search_term_string"}}],"inLanguage":"de"}]}},"_links":{"self":[{"href":"https:\/\/beratungsschmiede.de\/index.php?rest_route=\/wp\/v2\/pages\/17"}],"collection":[{"href":"https:\/\/beratungsschmiede.de\/index.php?rest_route=\/wp\/v2\/pages"}],"about":[{"href":"https:\/\/beratungsschmiede.de\/index.php?rest_route=\/wp\/v2\/types\/page"}],"author":[{"embeddable":true,"href":"https:\/\/beratungsschmiede.de\/index.php?rest_route=\/wp\/v2\/users\/1"}],"replies":[{"embeddable":true,"href":"https:\/\/beratungsschmiede.de\/index.php?rest_route=%2Fwp%2Fv2%2Fcomments&post=17"}],"version-history":[{"count":5,"href":"https:\/\/beratungsschmiede.de\/index.php?rest_route=\/wp\/v2\/pages\/17\/revisions"}],"predecessor-version":[{"id":120,"href":"https:\/\/beratungsschmiede.de\/index.php?rest_route=\/wp\/v2\/pages\/17\/revisions\/120"}],"wp:featuredmedia":[{"embeddable":true,"href":"https:\/\/beratungsschmiede.de\/index.php?rest_route=\/wp\/v2\/media\/125"}],"wp:attachment":[{"href":"https:\/\/beratungsschmiede.de\/index.php?rest_route=%2Fwp%2Fv2%2Fmedia&parent=17"}],"curies":[{"name":"wp","href":"https:\/\/api.w.org\/{rel}","templated":true}]}}